{"id":835,"date":"2014-01-15T16:32:27","date_gmt":"2014-01-15T15:32:27","guid":{"rendered":"http:\/\/www.broloten.se\/?page_id=835"},"modified":"2021-05-12T09:45:32","modified_gmt":"2021-05-12T08:45:32","slug":"for-dig-som-anmalt-utan-egen-hast","status":"publish","type":"page","link":"https:\/\/broloten.se\/?page_id=835","title":{"rendered":"F\u00f6r dig som anm\u00e4lt &#8211; utan egen h\u00e4st"},"content":{"rendered":"<p style=\"text-align: center;\">Du \u00e4r hj\u00e4rtligt v\u00e4lkommen till kursen som b\u00f6rjar runt 15.00 p\u00e5 fredagen. Du \u00e4r v\u00e4lkommen att infinna dig mellan kl. 14.00 \u201315.00.<\/p>\n<p style=\"text-align: center;\">Brol\u00f6tens Dressyrcentrum ligger vid riksv\u00e4g 57 (J\u00e4rna-Katrineholm) mellan Stj\u00e4rnhov och Sparreholm, v\u00e4gbeskrivning finns <a href=\"http:\/\/www.broloten.se\/?page_id=510\">h\u00e4r<\/a>.<\/p>\n<p style=\"text-align: center;\">Ni kommer att ha ett dressyrpass p\u00e5 fredagen och p\u00e5 fredagskv\u00e4llen g\u00f6r vi tillsammans schema f\u00f6r l\u00f6rdagen.<br \/>\nMedtag: Ridhj\u00e4lm, ridst\u00f6vlar, ridkl\u00e4der och eventuellt sporrar.<\/p>\n<p style=\"text-align: center;\">Ni sover i dubbelrum, om n\u00e5gon \u00f6nskar enkelrum s\u00e5 maila g\u00e4rna oss om det, medtag lakan och handduk och var god meddela eventuella allergier eller speciella \u00f6nskem\u00e5l om mat i god tid f\u00f6re ankomst.<\/p>\n<p style=\"text-align: center;\">Kursen avslutas p\u00e5 s\u00f6ndagen runt 15.00. Har du ytterligare fr\u00e5gor, tveka inte att maila oss.<\/p>\n<p style=\"text-align: center;\"><strong><a href=\"http:\/\/broloten.se\/wp-content\/uploads\/\/2021\/03\/Weekendkurs-schema.pdf\">Hur kan en weekendkurs se ut \u2013 schema<\/a><\/strong><\/p>\n<p><a href=\"http:\/\/www.broloten.se\/?attachment_id=954\" rel=\"attachment wp-att-954\"><img loading=\"lazy\" decoding=\"async\" class=\"alignnone size-full wp-image-954 aligncenter\" src=\"http:\/\/www.broloten.se\/wp-content\/uploads\/\/2014\/01\/s.jpg\" alt=\"s\" width=\"640\" height=\"424\" srcset=\"https:\/\/broloten.se\/wp-content\/uploads\/2014\/01\/s.jpg 640w, https:\/\/broloten.se\/wp-content\/uploads\/2014\/01\/s-300x198.jpg 300w, https:\/\/broloten.se\/wp-content\/uploads\/2014\/01\/s-452x300.jpg 452w\" sizes=\"auto, (max-width: 640px) 100vw, 640px\" \/><\/a><\/p>\n","protected":false},"excerpt":{"rendered":"<p>Du \u00e4r hj\u00e4rtligt v\u00e4lkommen till kursen som b\u00f6rjar runt 15.00 p\u00e5 fredagen. Du \u00e4r v\u00e4lkommen att infinna dig mellan kl. 14.00 \u201315.00. Brol\u00f6tens Dressyrcentrum ligger vid riksv\u00e4g 57 (J\u00e4rna-Katrineholm) mellan Stj\u00e4rnhov och Sparreholm, v\u00e4gbeskrivning finns h\u00e4r. Ni kommer att ha ett dressyrpass p\u00e5 fredagen och p\u00e5 fredagskv\u00e4llen g\u00f6r vi tillsammans schema f\u00f6r l\u00f6rdagen. Medtag: Ridhj\u00e4lm, ridst\u00f6vlar, ridkl\u00e4der och eventuellt sporrar. Ni sover i dubbelrum, om n\u00e5gon \u00f6nskar enkelrum s\u00e5 maila g\u00e4rna oss om det, medtag lakan och handduk och var god meddela eventuella allergier eller speciella \u00f6nskem\u00e5l om mat i god tid f\u00f6re ankomst. Kursen avslutas p\u00e5 s\u00f6ndagen runt 15.00. Har du ytterligare fr\u00e5gor, tveka inte att maila oss. Hur kan en weekendkurs se ut \u2013 schema<\/p>\n","protected":false},"author":2,"featured_media":0,"parent":0,"menu_order":0,"comment_status":"closed","ping_status":"closed","template":"","meta":{"footnotes":""},"class_list":["post-835","page","type-page","status-publish"],"_links":{"self":[{"href":"https:\/\/broloten.se\/index.php?rest_route=\/wp\/v2\/pages\/835","targetHints":{"allow":["GET"]}}],"collection":[{"href":"https:\/\/broloten.se\/index.php?rest_route=\/wp\/v2\/pages"}],"about":[{"href":"https:\/\/broloten.se\/index.php?rest_route=\/wp\/v2\/types\/page"}],"author":[{"embeddable":true,"href":"https:\/\/broloten.se\/index.php?rest_route=\/wp\/v2\/users\/2"}],"replies":[{"embeddable":true,"href":"https:\/\/broloten.se\/index.php?rest_route=%2Fwp%2Fv2%2Fcomments&post=835"}],"version-history":[{"count":12,"href":"https:\/\/broloten.se\/index.php?rest_route=\/wp\/v2\/pages\/835\/revisions"}],"predecessor-version":[{"id":2849,"href":"https:\/\/broloten.se\/index.php?rest_route=\/wp\/v2\/pages\/835\/revisions\/2849"}],"wp:attachment":[{"href":"https:\/\/broloten.se\/index.php?rest_route=%2Fwp%2Fv2%2Fmedia&parent=835"}],"curies":[{"name":"wp","href":"https:\/\/api.w.org\/{rel}","templated":true}]}}